hat is -12 + -10?
-22
In base 11, what is -5 - 26?
-30
In base 8, what is 1 - 1505?
-1504
In base 14, what is 4 - -1a5?
1a9
In base 10, what is 3 - 674?
-671
In base 3, what is -10 - -10121122?
10121112
In base 8, what is -76 + 21?
-55
In base 12, what is 4 - -76?
7a
In base 6, what is -5 + 145?
140
In base 11, what is -2 - 799?
-7a0
In base 12, what is 23a - 0?
23a
In base 16, what is -2 - 2f?
-31
In base 15, what is 0 - 28?
-28
In base 11, what is 5 + 32a2?
32a7
In base 7, what is -4 - 4250?
-4254
In base 7, what is -1303 + -11?
-1314
In base 11, what is -69 - -3?
-66
In base 13, what is 40 + -132?
-c2
In base 7, what is -423 + -1?
-424
In base 6, what is 233 - -1?
234
In base 2, what is 1000 - -100000011?
100001011
In base 6, what is -5 - 333?
-342
In base 9, what is 1143 - -21?
1164
In base 16, what is -51 - 114?
-165
In base 13, what is 23 + 193?
1b6
In base 2, what is -101 + -11000110?
-11001011
In base 12, what is 5 + -33?
-2a
In base 7, what is 10211 - -5?
10216
In base 16, what is -5 - -52?
4d
In base 8, what is 6 - 51?
-43
In base 2, what is 110100 + -1010111?
-100011
In base 4, what is 122 + 333?
1121
In base 14, what is -15a - -38?
-122
In base 14, what is 827 + 3?
82a
In base 3, what is 21120222 + -2?
21120220
In base 15, what is 24 - -63?
87
In base 6, what is 12 - -103?
115
In base 7, what is 4 - 410?
-403
In base 9, what is -23 + 13?
-10
In base 10, what is 10 + -99?
-89
In base 12, what is 44 + 30?
74
In base 5, what is 3 - 4310?
-4302
In base 12, what is 6 - -47?
51
In base 5, what is -23340 + -10?
-23400
In base 8, what is -4 - -123?
117
In base 4, what is 12 - 12?
0
In base 6, what is 4 - 21553?
-21545
In base 8, what is -15 - 13?
-30
In base 10, what is -12 + -320?
-332
In base 16, what is -3 + -17a?
-17d
In base 14, what is -45 - -4?
-41
In base 12, what is -4 - 1004?
-1008
In base 15, what is 0 + a6?
a6
In base 4, what is 322 - -13?
1001
In base 14, what is -27 + -3c?
-65
In base 9, what is -1045 - -5?
-1040
In base 15, what is b3e + -4?
b3a
In base 15, what is 4 - 1b3?
-1ae
In base 5, what is 1 - -110413?
110414
In base 12, what is a + 10?
1a
In base 6, what is 0 - 3151?
-3151
In base 10, what is 1127 + 0?
1127
In base 4, what is 321 + -3?
312
In base 12, what is -125 + 2?
-123
In base 14, what is -97 + 6?
-91
In base 14, what is c - -8d?
9b
In base 9, what is 72 - 5?
66
In base 11, what is 17a + -5?
175
In base 4, what is -3 + -30303?
-30312
In base 12, what is -3166 + -3?
-3169
In base 15, what is -7 - -3?
-4
In base 7, what is 3 - 1133?
-1130
In base 7, what is -35 - -43?
5
In base 14, what is 394 + c?
3a2
In base 6, what is 13 - 24?
-11
In base 3, what is 12 + 2011?
2100
In base 12, what is -70 - -4?
-68
In base 11, what is -2a16 - -1?
-2a15
In base 2, what is -1101110100100 - 0?
-1101110100100
In base 14, what is -2c0 + -2?
-2c2
In base 9, what is -610 + 0?
-610
In base 14, what is 11 - 6?
9
In base 15, what is -36 - -3?
-33
In base 13, what is -2ba - 5?
-2c2
In base 10, what is -22 + 1?
-21
In base 3, what is -21 - 121?
-212
In base 10, what is -183 + 2?
-181
In base 8, what is 34656 + 3?
34661
In base 10, what is 51 + -67?
-16
In base 13, what is -1 + 87?
86
In base 8, what is -12527 + -3?
-12532
In base 5, what is -1 - 201?
-202
In base 3, what is -12 + -11202?
-11221
In base 13, what is 6 - 7b?
-75
In base 10, what is -2 - 179?
-181
In base 11, what is 2 - -66?
68
In base 4, what is 22 + 103?
131
In base 2, what is 1 + -110110110?
-110110101
In base 5, what is 11 + -110?
-44
In base 12, what is 2 - 109?
-107
In base 2, what is -11011001 + 101?
-11010100
In base 15, what is -4231 - -3?
-422d
In base 11, what is 79 - 207?
-139
In base 5, what is 3 + 1?
4
In base 15, what is -22c + -2e?
-25b
In base 14, what is 8 - 104?
-da
In base 3, what is 20220 + -2?
20211
In base 14, what is 2c9d - 1?
2c9c
In base 14, what is -2 - 4b?
-4d
In base 11, what is 2 + -52?
-50
In base 5, what is 10 + -1430?
-1420
In base 4, what is 202 - 0?
202
In base 5, what is -23133 + -2?
-23140
In base 11, what is 1 + 4?
5
In base 8, what is 2 - 2262?
-2260
In base 2, what is -110010000 - 0?
-110010000
In base 15, what is -10 + 62?
52
In base 2, what is -1001 + 11111100?
11110011
In base 16, what is -5 + 20?
1b
In base 9, what is 2702 + 0?
2702
In base 11, what is 4 - 4a?
-46
In base 11, what is 0 - 12?
-12
In base 7, what is -51 + 301?
220
In base 4, what is 10 + 112?
122
In base 3, what is 202100 + 12?
202112
In base 16, what is -93 - -14?
-7f
In base 5, what is -1040131 - 0?
-1040131
In base 8, what is -2 - -7?
5
In base 4, what is 1 + -32311?
-32310
In base 16, what is -2 + -27d?
-27f
In base 5, what is -1113442 + -2?
-1113444
In base 6, what is -3 - -10?
3
In base 11, what is 84 + 21?
a5
In base 16, what is -2 - -9d?
9b
In base 9, what is -77 - -71?
-6
In base 2, what is -1000 - 100010011?
-100011011
In base 8, what is 23036 + 3?
23041
In base 2, what is -101 - 11100111100?
-11101000001
In base 4, what is -2022201 + -2?
-2022203
In base 9, what is 26 - -37?
64
In base 9, what is -344 + 0?
-344
In base 5, what is -3020 + 10?
-3010
In base 16, what is 3 - 12?
-f
In base 16, what is -1 + 2?
1
In base 5, what is -3342 + -102?
-3444
In base 11, what is -44 - 25?
-69
In base 3, what is 11201 + -1?
11200
In base 15, what is 17 - 70?
-58
In base 8, what is -7 + -1072?
-1101
In base 8, what is 370 - 0?
370
In base 14, what is 1870 + -5?
1869
In base 6, what is -21 + 54?
33
In base 2, what is -11110001 - -10?
-11101111
In base 12, what is -3 + 14a4?
14a1
In base 6, what is -11 + -105?
-120
In base 10, what is 2 - 76?
-74
In base 13, what is 1c - -254?
273
In base 16, what is 1e - -39?
57
In base 15, what is -52 + -38?
-8a
In base 14, what is 0 + b7?
b7
In base 8, what is -162 - 3?
-165
In base 16, what is 80 + -8?
78
In base 12, what is -9 - 160?
-169
In base 11, what is 247 - 7?
240
In base 14, what is -1 + -351?
-352
In base 11, what is 8 - 976?
-969
In base 7, what is 5165 - 3?
5162
In base 13, what is -2140 + -5?
-2145
In base 8, what is 5 + -377?
-372
In base 3, what is 112102 - 102?
112000
In base 13, what is -148 - 53?
-19b
In base 4, what is -2231 - -110?
-2121
In base 14, what is -61 - 3?
-64
In base 11, what is -169 + -18?
-186
In base 5, what is 411 + 1?
412
In base 14, what is -6 + -1140?
-1146
In base 15, what is 26 + -48?
-22
In base 16, what is 2 + 4b?
4d
In base 6, what is -103 - 30?
-133
In base 10, what is 11 + -3?
8
In base 2, what is -1100011 + -1?
-1100100
In base 3, what is 1 + -121002?
-121001
In base 14, what is -3 - 46?
-49
In base 4, what is 10 - -133123?
133133
In base 16, what is cf + -b?
c4
In base 15, what is -1 - -a82?
a81
In base 7, what is -1 - -116?
115
In base 4, what is -122000 + 3?
-121331
In base 5, what is -13 + 242?
224
In base 15, what is 27 + 20?
47
In base 6, what is 245 - -301?
550
In base 2, what is -10101110 - -10?
-10101100
In base 4, what is 3 - -12233?
12302
In base 15, what is 35 + -9?
2b
In base 14, what is -17 - -6?
-11
In base 12, what is 221 + 1?
222
In base 3, what is -11 + -20020?
-20101
In base 16, what is 3 + e75?
e78
In base 4, what is -11 + 1112?
1101
In base 9, what is 32 - 4?
27
In base 13, what is 53 - -55?
a8
In base 13, what is 5 + 827?
82c
In base 8, what is 3 - 265?
-262
In base 4, what is 3 - 202010?
-202001
In base 16, what is 4 - b?
-7
In base 5, what is -1232 - 1?
-1233
In base 12, what is 1 + -124?
-123
In base 8, what is 11 - 5350?
-5337
In base 10, what is -1 - 38?
-39
In base 13, what is 0 - 48?
-48
In base 3, what is -101221 + -2?
-102000
In base 3, what is -2 + -1202?
-1211
In base 4, what is 22 - -1111?
1133
In base 7, what is 0 - -12?
12
In base 6, what is 30 - -15?
45
In base 10, what is -5 + 65?
60
In base 11, what is -9 + 3?
-6
In base 15, what is 95 - -5?
9a
In base 6, what is -13 - 12?
-25
In base 11, what is 1 + -921?
-920
In base 15, what is -6 - -22?
1b
In base 7, what is -1416 + 55?
-1331
In base 3, what is 11021010 + 10?
11021020
In base 7, what is 1 - -5563?
5564
In base 11, what is -124 + -5?
-129
In base 11, what is -261 + 0?
-261
In base 4, what is 1201 + -3?
1132
In base 16, what is 4 + -15?
-11
In base 5, what is -410 - 3?
-413
In base 5, what is 34 + 312?
401
In base 12, what is -208 + -2?
-20a
In base 12, what is -8 + -b0?
-b8
In base 10, what is -